{"id":2484,"date":"2026-03-31T07:05:15","date_gmt":"2026-03-31T07:05:15","guid":{"rendered":"https:\/\/lawngreen-goldfinch-758943.hostingersite.com\/?post_type=product&#038;p=2484"},"modified":"2026-03-31T07:43:55","modified_gmt":"2026-03-31T07:43:55","slug":"savon-naturel-a-largan-tudert","status":"publish","type":"product","link":"https:\/\/tudert.store\/?product=savon-naturel-a-largan-tudert","title":{"rendered":"Savon Naturel \u00e0 l\u2019Argan"},"content":{"rendered":"<p data-start=\"383\" data-end=\"684\"><strong data-start=\"383\" data-end=\"684\">D\u00e9couvrez notre Savon Naturel \u00e0 l\u2019Argan, un soin doux inspir\u00e9 du savoir-faire marocain et formul\u00e9 pour nettoyer la peau avec d\u00e9licatesse. Gr\u00e2ce \u00e0 sa composition naturelle et \u00e0 la richesse de l\u2019argan, il accompagne votre routine quotidienne dans un esprit de bien-\u00eatre, de puret\u00e9 et d\u2019authenticit\u00e9.<\/strong><\/p>\n<p data-start=\"686\" data-end=\"927\"><strong data-start=\"686\" data-end=\"927\">Appr\u00e9ci\u00e9 pour sa douceur, ce savon aide \u00e0 purifier la peau tout en respectant son \u00e9quilibre naturel. Sa texture agr\u00e9able et son utilisation simple en font un indispensable pour une routine de soin naturelle, adapt\u00e9e \u00e0 un usage quotidien.<\/strong><\/p>\n<p data-start=\"929\" data-end=\"1127\"><strong data-start=\"929\" data-end=\"1127\">Chez Tudert, nous mettons \u00e0 l\u2019honneur des produits authentiques, naturels et inspir\u00e9s du terroir marocain. Ce savon \u00e0 l\u2019argan refl\u00e8te une approche artisanale, soign\u00e9e et rassurante du bien-\u00eatre.<\/strong><\/p>\n<p data-start=\"1129\" data-end=\"1147\"><strong data-start=\"1129\" data-end=\"1147\">Points forts :<\/strong><\/p>\n<ul data-start=\"1148\" data-end=\"1352\">\n<li data-section-id=\"1tt4fyw\" data-start=\"1148\" data-end=\"1178\">Nettoie la peau en douceur<\/li>\n<li data-section-id=\"1ni9avd\" data-start=\"1179\" data-end=\"1223\">Aide \u00e0 pr\u00e9server l\u2019hydratation naturelle<\/li>\n<li data-section-id=\"t8xtac\" data-start=\"1224\" data-end=\"1257\">Convient \u00e0 un usage quotidien<\/li>\n<li data-section-id=\"1shdf8x\" data-start=\"1258\" data-end=\"1307\">Soin naturel inspir\u00e9 du savoir-faire marocain<\/li>\n<li data-section-id=\"kf11ka\" data-start=\"1308\" data-end=\"1352\">Texture agr\u00e9able et douceur au quotidien<\/li>\n<\/ul>\n<p data-start=\"1354\" data-end=\"1460\"><strong data-start=\"1354\" data-end=\"1382\">Conseils d\u2019utilisation :<\/strong><br data-start=\"1382\" data-end=\"1385\" \/>Faire mousser sur peau humide, masser d\u00e9licatement puis rincer abondamment.<\/p>\n<p data-start=\"1462\" data-end=\"1576\"><strong data-start=\"1462\" data-end=\"1492\">Conseils de conservation :<\/strong><br data-start=\"1492\" data-end=\"1495\" \/>Conserver dans un endroit sec apr\u00e8s utilisation pour prolonger la dur\u00e9e du savon.<\/p>\n","protected":false},"excerpt":{"rendered":"<p>Savon naturel \u00e0 l\u2019argan, doux et nourrissant, id\u00e9al pour nettoyer la peau en douceur tout en pr\u00e9servant son hydratation.<\/p>\n","protected":false},"featured_media":2358,"comment_status":"open","ping_status":"closed","template":"","meta":{"site-sidebar-layout":"default","site-content-layout":"","ast-site-content-layout":"default","site-content-style":"default","site-sidebar-style":"default","ast-global-header-display":"","ast-banner-title-visibility":"","ast-main-header-display":"","ast-hfb-above-header-display":"","ast-hfb-below-header-display":"","ast-hfb-mobile-header-display":"","site-post-title":"","ast-breadcrumbs-content":"","ast-featured-img":"","footer-sml-layout":"","ast-disable-related-posts":"","theme-transparent-header-meta":"default","adv-header-id-meta":"","stick-header-meta":"","header-above-stick-meta":"","header-main-stick-meta":"","header-below-stick-meta":"","astra-migrate-meta-layouts":"set","ast-page-background-enabled":"default","ast-page-background-meta":{"desktop":{"background-color":"","background-image":"","background-repeat":"repeat","background-position":"center center","background-size":"auto","background-attachment":"scroll","background-type":"","background-media":"","overlay-type":"","overlay-color":"","overlay-opacity":"","overlay-gradient":""},"tablet":{"background-color":"","background-image":"","background-repeat":"repeat","background-position":"center center","background-size":"auto","background-attachment":"scroll","background-type":"","background-media":"","overlay-type":"","overlay-color":"","overlay-opacity":"","overlay-gradient":""},"mobile":{"background-color":"","background-image":"","background-repeat":"repeat","background-position":"center center","background-size":"auto","background-attachment":"scroll","background-type":"","background-media":"","overlay-type":"","overlay-color":"","overlay-opacity":"","overlay-gradient":""}},"ast-content-background-meta":{"desktop":{"background-color":"var(--ast-global-color-5)","background-image":"","background-repeat":"repeat","background-position":"center center","background-size":"auto","background-attachment":"scroll","background-type":"","background-media":"","overlay-type":"","overlay-color":"","overlay-opacity":"","overlay-gradient":""},"tablet":{"background-color":"var(--ast-global-color-5)","background-image":"","background-repeat":"repeat","background-position":"center center","background-size":"auto","background-attachment":"scroll","background-type":"","background-media":"","overlay-type":"","overlay-color":"","overlay-opacity":"","overlay-gradient":""},"mobile":{"background-color":"var(--ast-global-color-5)","background-image":"","background-repeat":"repeat","background-position":"center center","background-size":"auto","background-attachment":"scroll","background-type":"","background-media":"","overlay-type":"","overlay-color":"","overlay-opacity":"","overlay-gradient":""}}},"product_brand":[],"product_cat":[46],"product_tag":[74,72,73,52,71,75,70,60],"class_list":{"0":"post-2484","1":"product","2":"type-product","3":"status-publish","4":"has-post-thumbnail","6":"product_cat-cosmetique-bien-etre","7":"product_tag-bien-etre","8":"product_tag-cosmetique-marocaine","9":"product_tag-peau-douce","10":"product_tag-produit-naturel","11":"product_tag-savon-a-largan","12":"product_tag-savon-artisanal","13":"product_tag-savon-naturel","14":"product_tag-soin-naturel","15":"desktop-align-left","16":"tablet-align-left","17":"mobile-align-left","19":"first","20":"instock","21":"sale","22":"featured","23":"taxable","24":"shipping-taxable","25":"purchasable","26":"product-type-simple"},"yoast_head":"<!-- This site is optimized with the Yoast SEO plugin v27.2 - https:\/\/yoast.com\/product\/yoast-seo-wordpress\/ -->\n<title>Savon Naturel \u00e0 l\u2019Argan - Tudert<\/title>\n<meta name=\"description\" content=\"D\u00e9couvrez notre savon naturel \u00e0 l\u2019argan, un soin doux et nourrissant inspir\u00e9 du terroir marocain, id\u00e9al pour nettoyer la peau en douceur.\" \/>\n<meta name=\"robots\" content=\"index, follow, max-snippet:-1, max-image-preview:large, max-video-preview:-1\" \/>\n<link rel=\"canonical\" href=\"https:\/\/tudert.store\/?product=savon-naturel-a-largan-tudert\" \/>\n<meta property=\"og:locale\" content=\"fr_FR\" \/>\n<meta property=\"og:type\" content=\"article\" \/>\n<meta property=\"og:title\" content=\"Savon Naturel \u00e0 l\u2019Argan - Tudert\" \/>\n<meta property=\"og:description\" content=\"D\u00e9couvrez notre savon naturel \u00e0 l\u2019argan, un soin doux et nourrissant inspir\u00e9 du terroir marocain, id\u00e9al pour nettoyer la peau en douceur.\" \/>\n<meta property=\"og:url\" content=\"https:\/\/tudert.store\/?product=savon-naturel-a-largan-tudert\" \/>\n<meta property=\"og:site_name\" content=\"Tudert\" \/>\n<meta property=\"article:modified_time\" content=\"2026-03-31T07:43:55+00:00\" \/>\n<meta property=\"og:image\" content=\"https:\/\/tudert.store\/wp-content\/uploads\/2026\/03\/ChatGPT-Image-Mar-29-2026-02_13_02-AM.png\" \/>\n\t<meta property=\"og:image:width\" content=\"1024\" \/>\n\t<meta property=\"og:image:height\" content=\"1024\" \/>\n\t<meta property=\"og:image:type\" content=\"image\/png\" \/>\n<meta name=\"twitter:card\" content=\"summary_large_image\" \/>\n<meta name=\"twitter:label1\" content=\"Dur\u00e9e de lecture estim\u00e9e\" \/>\n\t<meta name=\"twitter:data1\" content=\"2 minutes\" \/>\n<script type=\"application\/ld+json\" class=\"yoast-schema-graph\">{\"@context\":\"https:\/\/schema.org\",\"@graph\":[{\"@type\":\"WebPage\",\"@id\":\"https:\/\/tudert.store\/?product=savon-naturel-a-largan-tudert\",\"url\":\"https:\/\/tudert.store\/?product=savon-naturel-a-largan-tudert\",\"name\":\"Savon Naturel \u00e0 l\u2019Argan - Tudert\",\"isPartOf\":{\"@id\":\"https:\/\/tudert.store\/#website\"},\"primaryImageOfPage\":{\"@id\":\"https:\/\/tudert.store\/?product=savon-naturel-a-largan-tudert#primaryimage\"},\"image\":{\"@id\":\"https:\/\/tudert.store\/?product=savon-naturel-a-largan-tudert#primaryimage\"},\"thumbnailUrl\":\"https:\/\/tudert.store\/wp-content\/uploads\/2026\/03\/ChatGPT-Image-Mar-29-2026-02_13_02-AM.png\",\"datePublished\":\"2026-03-31T07:05:15+00:00\",\"dateModified\":\"2026-03-31T07:43:55+00:00\",\"description\":\"D\u00e9couvrez notre savon naturel \u00e0 l\u2019argan, un soin doux et nourrissant inspir\u00e9 du terroir marocain, id\u00e9al pour nettoyer la peau en douceur.\",\"breadcrumb\":{\"@id\":\"https:\/\/tudert.store\/?product=savon-naturel-a-largan-tudert#breadcrumb\"},\"inLanguage\":\"fr-FR\",\"potentialAction\":[{\"@type\":\"ReadAction\",\"target\":[\"https:\/\/tudert.store\/?product=savon-naturel-a-largan-tudert\"]}]},{\"@type\":\"ImageObject\",\"inLanguage\":\"fr-FR\",\"@id\":\"https:\/\/tudert.store\/?product=savon-naturel-a-largan-tudert#primaryimage\",\"url\":\"https:\/\/tudert.store\/wp-content\/uploads\/2026\/03\/ChatGPT-Image-Mar-29-2026-02_13_02-AM.png\",\"contentUrl\":\"https:\/\/tudert.store\/wp-content\/uploads\/2026\/03\/ChatGPT-Image-Mar-29-2026-02_13_02-AM.png\",\"width\":1024,\"height\":1024,\"caption\":\"chatgpt image mar 29, 2026, 02 13 02 am\"},{\"@type\":\"BreadcrumbList\",\"@id\":\"https:\/\/tudert.store\/?product=savon-naturel-a-largan-tudert#breadcrumb\",\"itemListElement\":[{\"@type\":\"ListItem\",\"position\":1,\"name\":\"Accueil\",\"item\":\"https:\/\/tudert.store\/\"},{\"@type\":\"ListItem\",\"position\":2,\"name\":\"Shop\",\"item\":\"https:\/\/lawngreen-goldfinch-758943.hostingersite.com\/?page_id=328\"},{\"@type\":\"ListItem\",\"position\":3,\"name\":\"Savon Naturel \u00e0 l\u2019Argan\"}]},{\"@type\":\"WebSite\",\"@id\":\"https:\/\/tudert.store\/#website\",\"url\":\"https:\/\/tudert.store\/\",\"name\":\"Tudert\",\"description\":\"\",\"publisher\":{\"@id\":\"https:\/\/tudert.store\/#organization\"},\"potentialAction\":[{\"@type\":\"SearchAction\",\"target\":{\"@type\":\"EntryPoint\",\"urlTemplate\":\"https:\/\/tudert.store\/?s={search_term_string}\"},\"query-input\":{\"@type\":\"PropertyValueSpecification\",\"valueRequired\":true,\"valueName\":\"search_term_string\"}}],\"inLanguage\":\"fr-FR\"},{\"@type\":\"Organization\",\"@id\":\"https:\/\/tudert.store\/#organization\",\"name\":\"Tudert\",\"url\":\"https:\/\/tudert.store\/\",\"logo\":{\"@type\":\"ImageObject\",\"inLanguage\":\"fr-FR\",\"@id\":\"https:\/\/tudert.store\/#\/schema\/logo\/image\/\",\"url\":\"https:\/\/tudert.store\/wp-content\/uploads\/2026\/03\/LOGO-AL-KARAMA-3.png\",\"contentUrl\":\"https:\/\/tudert.store\/wp-content\/uploads\/2026\/03\/LOGO-AL-KARAMA-3.png\",\"width\":2000,\"height\":2000,\"caption\":\"Tudert\"},\"image\":{\"@id\":\"https:\/\/tudert.store\/#\/schema\/logo\/image\/\"}}]}<\/script>\n<!-- \/ Yoast SEO plugin. -->","yoast_head_json":{"title":"Savon Naturel \u00e0 l\u2019Argan - Tudert","description":"D\u00e9couvrez notre savon naturel \u00e0 l\u2019argan, un soin doux et nourrissant inspir\u00e9 du terroir marocain, id\u00e9al pour nettoyer la peau en douceur.","robots":{"index":"index","follow":"follow","max-snippet":"max-snippet:-1","max-image-preview":"max-image-preview:large","max-video-preview":"max-video-preview:-1"},"canonical":"https:\/\/tudert.store\/?product=savon-naturel-a-largan-tudert","og_locale":"fr_FR","og_type":"article","og_title":"Savon Naturel \u00e0 l\u2019Argan - Tudert","og_description":"D\u00e9couvrez notre savon naturel \u00e0 l\u2019argan, un soin doux et nourrissant inspir\u00e9 du terroir marocain, id\u00e9al pour nettoyer la peau en douceur.","og_url":"https:\/\/tudert.store\/?product=savon-naturel-a-largan-tudert","og_site_name":"Tudert","article_modified_time":"2026-03-31T07:43:55+00:00","og_image":[{"width":1024,"height":1024,"url":"https:\/\/tudert.store\/wp-content\/uploads\/2026\/03\/ChatGPT-Image-Mar-29-2026-02_13_02-AM.png","type":"image\/png"}],"twitter_card":"summary_large_image","twitter_misc":{"Dur\u00e9e de lecture estim\u00e9e":"2 minutes"},"schema":{"@context":"https:\/\/schema.org","@graph":[{"@type":"WebPage","@id":"https:\/\/tudert.store\/?product=savon-naturel-a-largan-tudert","url":"https:\/\/tudert.store\/?product=savon-naturel-a-largan-tudert","name":"Savon Naturel \u00e0 l\u2019Argan - Tudert","isPartOf":{"@id":"https:\/\/tudert.store\/#website"},"primaryImageOfPage":{"@id":"https:\/\/tudert.store\/?product=savon-naturel-a-largan-tudert#primaryimage"},"image":{"@id":"https:\/\/tudert.store\/?product=savon-naturel-a-largan-tudert#primaryimage"},"thumbnailUrl":"https:\/\/tudert.store\/wp-content\/uploads\/2026\/03\/ChatGPT-Image-Mar-29-2026-02_13_02-AM.png","datePublished":"2026-03-31T07:05:15+00:00","dateModified":"2026-03-31T07:43:55+00:00","description":"D\u00e9couvrez notre savon naturel \u00e0 l\u2019argan, un soin doux et nourrissant inspir\u00e9 du terroir marocain, id\u00e9al pour nettoyer la peau en douceur.","breadcrumb":{"@id":"https:\/\/tudert.store\/?product=savon-naturel-a-largan-tudert#breadcrumb"},"inLanguage":"fr-FR","potentialAction":[{"@type":"ReadAction","target":["https:\/\/tudert.store\/?product=savon-naturel-a-largan-tudert"]}]},{"@type":"ImageObject","inLanguage":"fr-FR","@id":"https:\/\/tudert.store\/?product=savon-naturel-a-largan-tudert#primaryimage","url":"https:\/\/tudert.store\/wp-content\/uploads\/2026\/03\/ChatGPT-Image-Mar-29-2026-02_13_02-AM.png","contentUrl":"https:\/\/tudert.store\/wp-content\/uploads\/2026\/03\/ChatGPT-Image-Mar-29-2026-02_13_02-AM.png","width":1024,"height":1024,"caption":"chatgpt image mar 29, 2026, 02 13 02 am"},{"@type":"BreadcrumbList","@id":"https:\/\/tudert.store\/?product=savon-naturel-a-largan-tudert#breadcrumb","itemListElement":[{"@type":"ListItem","position":1,"name":"Accueil","item":"https:\/\/tudert.store\/"},{"@type":"ListItem","position":2,"name":"Shop","item":"https:\/\/lawngreen-goldfinch-758943.hostingersite.com\/?page_id=328"},{"@type":"ListItem","position":3,"name":"Savon Naturel \u00e0 l\u2019Argan"}]},{"@type":"WebSite","@id":"https:\/\/tudert.store\/#website","url":"https:\/\/tudert.store\/","name":"Tudert","description":"","publisher":{"@id":"https:\/\/tudert.store\/#organization"},"potentialAction":[{"@type":"SearchAction","target":{"@type":"EntryPoint","urlTemplate":"https:\/\/tudert.store\/?s={search_term_string}"},"query-input":{"@type":"PropertyValueSpecification","valueRequired":true,"valueName":"search_term_string"}}],"inLanguage":"fr-FR"},{"@type":"Organization","@id":"https:\/\/tudert.store\/#organization","name":"Tudert","url":"https:\/\/tudert.store\/","logo":{"@type":"ImageObject","inLanguage":"fr-FR","@id":"https:\/\/tudert.store\/#\/schema\/logo\/image\/","url":"https:\/\/tudert.store\/wp-content\/uploads\/2026\/03\/LOGO-AL-KARAMA-3.png","contentUrl":"https:\/\/tudert.store\/wp-content\/uploads\/2026\/03\/LOGO-AL-KARAMA-3.png","width":2000,"height":2000,"caption":"Tudert"},"image":{"@id":"https:\/\/tudert.store\/#\/schema\/logo\/image\/"}}]}},"_links":{"self":[{"href":"https:\/\/tudert.store\/index.php?rest_route=\/wp\/v2\/product\/2484","targetHints":{"allow":["GET"]}}],"collection":[{"href":"https:\/\/tudert.store\/index.php?rest_route=\/wp\/v2\/product"}],"about":[{"href":"https:\/\/tudert.store\/index.php?rest_route=\/wp\/v2\/types\/product"}],"replies":[{"embeddable":true,"href":"https:\/\/tudert.store\/index.php?rest_route=%2Fwp%2Fv2%2Fcomments&post=2484"}],"wp:featuredmedia":[{"embeddable":true,"href":"https:\/\/tudert.store\/index.php?rest_route=\/wp\/v2\/media\/2358"}],"wp:attachment":[{"href":"https:\/\/tudert.store\/index.php?rest_route=%2Fwp%2Fv2%2Fmedia&parent=2484"}],"wp:term":[{"taxonomy":"product_brand","embeddable":true,"href":"https:\/\/tudert.store\/index.php?rest_route=%2Fwp%2Fv2%2Fproduct_brand&post=2484"},{"taxonomy":"product_cat","embeddable":true,"href":"https:\/\/tudert.store\/index.php?rest_route=%2Fwp%2Fv2%2Fproduct_cat&post=2484"},{"taxonomy":"product_tag","embeddable":true,"href":"https:\/\/tudert.store\/index.php?rest_route=%2Fwp%2Fv2%2Fproduct_tag&post=2484"}],"curies":[{"name":"wp","href":"https:\/\/api.w.org\/{rel}","templated":true}]}}